{"id":6966,"date":"2023-07-12T15:20:41","date_gmt":"2023-07-12T15:20:41","guid":{"rendered":"https:\/\/momoexcursions.com\/?page_id=6966"},"modified":"2023-07-31T15:50:22","modified_gmt":"2023-07-31T15:50:22","slug":"conditions-dutilisation","status":"publish","type":"page","link":"https:\/\/momoexcursions.com\/?page_id=6966&lang=fr","title":{"rendered":"Conditions d&#8217;utilisation"},"content":{"rendered":"<style type=\"text\/css\"><\/style>\n<h1 class=\"wp-block-heading\"><strong>Termes et Conditions<\/strong><\/h1>\n\n\n\n<p><strong>Le site Web<\/strong><\/p>\n\n\n\n<p>Merci de visiter www.momoexcursions.com (le \u00ab site Web \u00bb). Veuillez lire attentivement les informations suivantes car les termes et conditions suivants s&#8217;appliqueront \u00e0 votre utilisation du site Web. Pour VOIR les conditions de r\u00e9servation qui se rapportent sp\u00e9cifiquement \u00e0 vos pr\u00e9paratifs de voyage, veuillez DEMANDER \u00c0 VOTRE AGENT DE R\u00c9SERVATION.<\/p>\n\n\n\n<p><strong>Utilisation du site Web<\/strong><\/p>\n\n\n\n<p>En acc\u00e9dant ou en utilisant le site Web, vous acceptez les conditions d&#8217;utilisation. Toutefois, si vous n&#8217;acceptez pas ou ne pouvez pas accepter les conditions d&#8217;utilisation du site Web et\/ou les conditions de r\u00e9servation, vous devez cesser imm\u00e9diatement d&#8217;utiliser le site Web. Les conditions peuvent changer de temps \u00e0 autre, mais en naviguant sur le site Web, vous acceptez les conditions d&#8217;utilisation en vigueur \u00e0 ce moment-l\u00e0. Le site Web est con\u00e7u pour \u00eatre utilis\u00e9 au sein de l&#8217;AM et en acc\u00e9dant \u00e0 ce site Web, vous acceptez que la loi s&#8217;applique \u00e0 tout litige pouvant survenir.<\/p>\n\n\n\n<p>Le site Web est r\u00e9serv\u00e9 \u00e0 votre usage personnel et ne doit \u00eatre utilis\u00e9 que dans le cadre de l&#8217;achat d&#8217;un s\u00e9jour et\/ou de produits li\u00e9s \u00e0 ce s\u00e9jour. Vous ne devez pas copier, utiliser, modifier ou alt\u00e9rer tout contenu du site Web, sauf pour imprimer des pages pour votre propre r\u00e9f\u00e9rence personnelle.<\/p>\n\n\n\n<p>Toute communication ou mat\u00e9riel que vous nous transmettez via ce site Web ou autrement via Internet sera trait\u00e9 comme non confidentiel, sauf si cette communication ou ce mat\u00e9riel comprend des informations personnelles, que nous utiliserons conform\u00e9ment \u00e0 notre politique de confidentialit\u00e9. Toutes les communications et autres \u00e9l\u00e9ments que vous nous envoyez sont et resteront notre propri\u00e9t\u00e9 et en nous les envoyant, vous acceptez que nous puissions les utiliser \u00e0 quelque fin que ce soit, sans qu&#8217;aucune compensation ne vous soit due.<\/p>\n\n\n\n<p><strong>Cookies<\/strong><\/p>\n\n\n\n<p>Nous utilisons la technologie des cookies pour aider les visiteurs et les clients \u00e0 naviguer plus rapidement sur notre site. Lorsque vous vous connectez \u00e0 notre site Web ou profitez de plusieurs fonctionnalit\u00e9s cl\u00e9s, nous pouvons transmettre des cookies \u00e0 votre ordinateur. Un cookie est une cha\u00eene d&#8217;informations envoy\u00e9e par un site Web et stock\u00e9e sur votre disque dur ou temporairement dans la m\u00e9moire de votre ordinateur.<\/p>\n\n\n\n<p><strong>S\u00e9curit\u00e9<\/strong><\/p>\n\n\n\n<p>Les informations personnellement identifiables que nous recueillons \u00e0 votre sujet sont stock\u00e9es sur des serveurs \u00e0 acc\u00e8s limit\u00e9. Nous maintiendrons des mesures de protection pour prot\u00e9ger la s\u00e9curit\u00e9 de ces serveurs et vos informations personnellement identifiables.<\/p>\n\n\n\n<p><strong>Mat\u00e9riaux sur le site Web<\/strong><\/p>\n\n\n\n<p>Tout le mat\u00e9riel de ce site Web, y compris toute publicit\u00e9, image, texte et\/ou audio, est notre propri\u00e9t\u00e9 ou nous a \u00e9t\u00e9 conc\u00e9d\u00e9 sous licence. Toutes les marques, noms, logos et autres droits de propri\u00e9t\u00e9 intellectuelle existant sur ce site Web sont \u00e9galement d\u00e9tenus ou sous licence par nous. Vous pouvez utiliser ce site Web pour votre divertissement et votre information personnels et vous pouvez faire une copie des pages de ce site Web, mais uniquement pour votre usage personnel et non commercial, \u00e0 condition que vous gardiez intacts tous les droits d&#8217;auteur et autres avis de propri\u00e9t\u00e9. Toute modification, transmission, location, copie (autre qu&#8217;\u00e0 des fins personnelles non commerciales), r\u00e9utilisation ou autre utilisation du contenu de ce site Web \u00e0 des fins publiques ou commerciales est interdite.<\/p>\n\n\n\n<p><strong>Informations sur le site<\/strong><\/p>\n\n\n\n<p>Bien que nous ayons travaill\u00e9 avec diligence pour fournir des informations exactes et compl\u00e8tes, nous ne pouvons \u00eatre tenus responsables envers quiconque pour toute perte ou dommage pouvant r\u00e9sulter directement ou indirectement de l&#8217;utilisation de ce site Web (ou de toute incapacit\u00e9 \u00e0 l&#8217;utiliser) ou de l&#8217;une des informations contenues sur ce site Web. Ce site Web ainsi que les informations et le mat\u00e9riel qu&#8217;il contient sont susceptibles d&#8217;\u00eatre modifi\u00e9s sans pr\u00e9avis. Toutes les garanties, expresses ou implicites, quant \u00e0 l&#8217;exactitude ou \u00e0 l&#8217;exhaustivit\u00e9 des informations contenues sur ce site Web ou \u00e0 l&#8217;\u00e9gard de tout mat\u00e9riel ou produit mentionn\u00e9 sur ce site Web sont par les pr\u00e9sentes exclues dans toute la mesure permise par la loi.<\/p>\n\n\n\n<p>Commentaires et questions<\/p>\n\n\n\n<p>Si vous avez des questions, des commentaires ou des pr\u00e9occupations concernant nos conditions d&#8217;utilisation, veuillez nous <a href=\"https:\/\/momoexcursions.com\/fr\/contact\/\">contacter<\/a>.<\/p>\n\n\n\n<h2 class=\"wp-block-heading\"><strong>Partout o\u00f9 vous voulez aller\u2026 nous pouvons vous y emmener !<\/strong><\/h2>\n","protected":false},"excerpt":{"rendered":"<p>Termes et Conditions Le site Web Merci de visiter www.momoexcursions.com (le \u00ab site Web \u00bb). Veuillez lire attentivement les informations suivantes car les termes et conditions suivants s&#8217;appliqueront \u00e0 votre&#8230;<\/p>\n","protected":false},"author":1,"featured_media":0,"parent":0,"menu_order":0,"comment_status":"closed","ping_status":"closed","template":"","meta":{"footnotes":""},"class_list":["post-6966","page","type-page","status-publish","hentry"],"yoast_head":"<!-- This site is optimized with the Yoast SEO plugin v27.5 - https:\/\/yoast.com\/product\/yoast-seo-wordpress\/ -->\n<title>Conditions d&#039;utilisation - Momo Excursions<\/title>\n<meta name=\"robots\" content=\"index, follow, max-snippet:-1, max-image-preview:large, max-video-preview:-1\" \/>\n<link rel=\"canonical\" href=\"https:\/\/momoexcursions.com\/?page_id=6966&lang=fr\" \/>\n<meta property=\"og:locale\" content=\"en_GB\" \/>\n<meta property=\"og:type\" content=\"article\" \/>\n<meta property=\"og:title\" content=\"Conditions d&#039;utilisation - Momo Excursions\" \/>\n<meta property=\"og:description\" content=\"Termes et Conditions Le site Web Merci de visiter www.momoexcursions.com (le \u00ab site Web \u00bb). Veuillez lire attentivement les informations suivantes car les termes et conditions suivants s&#8217;appliqueront \u00e0 votre...\" \/>\n<meta property=\"og:url\" content=\"https:\/\/momoexcursions.com\/?page_id=6966&amp;lang=fr\" \/>\n<meta property=\"og:site_name\" content=\"Momo Excursions\" \/>\n<meta property=\"article:modified_time\" content=\"2023-07-31T15:50:22+00:00\" \/>\n<meta name=\"twitter:card\" content=\"summary_large_image\" \/>\n<meta name=\"twitter:label1\" content=\"Estimated reading time\" \/>\n\t<meta name=\"twitter:data1\" content=\"3 minutes\" \/>\n<script type=\"application\/ld+json\" class=\"yoast-schema-graph\">{\"@context\":\"https:\\\/\\\/schema.org\",\"@graph\":[{\"@type\":\"WebPage\",\"@id\":\"https:\\\/\\\/momoexcursions.com\\\/?page_id=6966&lang=fr\",\"url\":\"https:\\\/\\\/momoexcursions.com\\\/?page_id=6966&lang=fr\",\"name\":\"Conditions d'utilisation - Momo Excursions\",\"isPartOf\":{\"@id\":\"https:\\\/\\\/momoexcursions.com\\\/#website\"},\"datePublished\":\"2023-07-12T15:20:41+00:00\",\"dateModified\":\"2023-07-31T15:50:22+00:00\",\"breadcrumb\":{\"@id\":\"https:\\\/\\\/momoexcursions.com\\\/?page_id=6966&lang=fr#breadcrumb\"},\"inLanguage\":\"en-GB\",\"potentialAction\":[{\"@type\":\"ReadAction\",\"target\":[\"https:\\\/\\\/momoexcursions.com\\\/?page_id=6966&lang=fr\"]}]},{\"@type\":\"BreadcrumbList\",\"@id\":\"https:\\\/\\\/momoexcursions.com\\\/?page_id=6966&lang=fr#breadcrumb\",\"itemListElement\":[{\"@type\":\"ListItem\",\"position\":1,\"name\":\"Home\",\"item\":\"https:\\\/\\\/momoexcursions.com\\\/\"},{\"@type\":\"ListItem\",\"position\":2,\"name\":\"Conditions d&#8217;utilisation\"}]},{\"@type\":\"WebSite\",\"@id\":\"https:\\\/\\\/momoexcursions.com\\\/#website\",\"url\":\"https:\\\/\\\/momoexcursions.com\\\/\",\"name\":\"Momo Excursions\",\"description\":\"Your Expert Guide to Authentic Exploration\",\"publisher\":{\"@id\":\"https:\\\/\\\/momoexcursions.com\\\/#organization\"},\"potentialAction\":[{\"@type\":\"SearchAction\",\"target\":{\"@type\":\"EntryPoint\",\"urlTemplate\":\"https:\\\/\\\/momoexcursions.com\\\/?s={search_term_string}\"},\"query-input\":{\"@type\":\"PropertyValueSpecification\",\"valueRequired\":true,\"valueName\":\"search_term_string\"}}],\"inLanguage\":\"en-GB\"},{\"@type\":\"Organization\",\"@id\":\"https:\\\/\\\/momoexcursions.com\\\/#organization\",\"name\":\"Momo Excursions\",\"url\":\"https:\\\/\\\/momoexcursions.com\\\/\",\"logo\":{\"@type\":\"ImageObject\",\"inLanguage\":\"en-GB\",\"@id\":\"https:\\\/\\\/momoexcursions.com\\\/#\\\/schema\\\/logo\\\/image\\\/\",\"url\":\"https:\\\/\\\/momoexcursions.com\\\/wp-content\\\/uploads\\\/2023\\\/07\\\/Momo-Excursion-Main-Logo-500x500-1.png\",\"contentUrl\":\"https:\\\/\\\/momoexcursions.com\\\/wp-content\\\/uploads\\\/2023\\\/07\\\/Momo-Excursion-Main-Logo-500x500-1.png\",\"width\":1934,\"height\":799,\"caption\":\"Momo Excursions\"},\"image\":{\"@id\":\"https:\\\/\\\/momoexcursions.com\\\/#\\\/schema\\\/logo\\\/image\\\/\"}}]}<\/script>\n<!-- \/ Yoast SEO plugin. -->","yoast_head_json":{"title":"Conditions d'utilisation - Momo Excursions","robots":{"index":"index","follow":"follow","max-snippet":"max-snippet:-1","max-image-preview":"max-image-preview:large","max-video-preview":"max-video-preview:-1"},"canonical":"https:\/\/momoexcursions.com\/?page_id=6966&lang=fr","og_locale":"en_GB","og_type":"article","og_title":"Conditions d'utilisation - Momo Excursions","og_description":"Termes et Conditions Le site Web Merci de visiter www.momoexcursions.com (le \u00ab site Web \u00bb). Veuillez lire attentivement les informations suivantes car les termes et conditions suivants s&#8217;appliqueront \u00e0 votre...","og_url":"https:\/\/momoexcursions.com\/?page_id=6966&lang=fr","og_site_name":"Momo Excursions","article_modified_time":"2023-07-31T15:50:22+00:00","twitter_card":"summary_large_image","twitter_misc":{"Estimated reading time":"3 minutes"},"schema":{"@context":"https:\/\/schema.org","@graph":[{"@type":"WebPage","@id":"https:\/\/momoexcursions.com\/?page_id=6966&lang=fr","url":"https:\/\/momoexcursions.com\/?page_id=6966&lang=fr","name":"Conditions d'utilisation - Momo Excursions","isPartOf":{"@id":"https:\/\/momoexcursions.com\/#website"},"datePublished":"2023-07-12T15:20:41+00:00","dateModified":"2023-07-31T15:50:22+00:00","breadcrumb":{"@id":"https:\/\/momoexcursions.com\/?page_id=6966&lang=fr#breadcrumb"},"inLanguage":"en-GB","potentialAction":[{"@type":"ReadAction","target":["https:\/\/momoexcursions.com\/?page_id=6966&lang=fr"]}]},{"@type":"BreadcrumbList","@id":"https:\/\/momoexcursions.com\/?page_id=6966&lang=fr#breadcrumb","itemListElement":[{"@type":"ListItem","position":1,"name":"Home","item":"https:\/\/momoexcursions.com\/"},{"@type":"ListItem","position":2,"name":"Conditions d&#8217;utilisation"}]},{"@type":"WebSite","@id":"https:\/\/momoexcursions.com\/#website","url":"https:\/\/momoexcursions.com\/","name":"Momo Excursions","description":"Your Expert Guide to Authentic Exploration","publisher":{"@id":"https:\/\/momoexcursions.com\/#organization"},"potentialAction":[{"@type":"SearchAction","target":{"@type":"EntryPoint","urlTemplate":"https:\/\/momoexcursions.com\/?s={search_term_string}"},"query-input":{"@type":"PropertyValueSpecification","valueRequired":true,"valueName":"search_term_string"}}],"inLanguage":"en-GB"},{"@type":"Organization","@id":"https:\/\/momoexcursions.com\/#organization","name":"Momo Excursions","url":"https:\/\/momoexcursions.com\/","logo":{"@type":"ImageObject","inLanguage":"en-GB","@id":"https:\/\/momoexcursions.com\/#\/schema\/logo\/image\/","url":"https:\/\/momoexcursions.com\/wp-content\/uploads\/2023\/07\/Momo-Excursion-Main-Logo-500x500-1.png","contentUrl":"https:\/\/momoexcursions.com\/wp-content\/uploads\/2023\/07\/Momo-Excursion-Main-Logo-500x500-1.png","width":1934,"height":799,"caption":"Momo Excursions"},"image":{"@id":"https:\/\/momoexcursions.com\/#\/schema\/logo\/image\/"}}]}},"lang":"fr","translations":{"fr":6966,"en":6329},"pll_sync_post":[],"_links":{"self":[{"href":"https:\/\/momoexcursions.com\/index.php?rest_route=\/wp\/v2\/pages\/6966","targetHints":{"allow":["GET"]}}],"collection":[{"href":"https:\/\/momoexcursions.com\/index.php?rest_route=\/wp\/v2\/pages"}],"about":[{"href":"https:\/\/momoexcursions.com\/index.php?rest_route=\/wp\/v2\/types\/page"}],"author":[{"embeddable":true,"href":"https:\/\/momoexcursions.com\/index.php?rest_route=\/wp\/v2\/users\/1"}],"replies":[{"embeddable":true,"href":"https:\/\/momoexcursions.com\/index.php?rest_route=%2Fwp%2Fv2%2Fcomments&post=6966"}],"version-history":[{"count":4,"href":"https:\/\/momoexcursions.com\/index.php?rest_route=\/wp\/v2\/pages\/6966\/revisions"}],"predecessor-version":[{"id":6988,"href":"https:\/\/momoexcursions.com\/index.php?rest_route=\/wp\/v2\/pages\/6966\/revisions\/6988"}],"wp:attachment":[{"href":"https:\/\/momoexcursions.com\/index.php?rest_route=%2Fwp%2Fv2%2Fmedia&parent=6966"}],"curies":[{"name":"wp","href":"https:\/\/api.w.org\/{rel}","templated":true}]}}